1814
In base 4, what is 11 - 1130?
-1113
In base 6, what is -13 - 340?
-353
In base 13, what is 60 - -11?
71
In base 12, what is 51 + -24?
29
In base 4, what is 11 - -210?
221
In base 16, what is -54 - 5?
-59
In base 7, what is -240 - 3?
-243
In base 7, what is 1653 + -12?
1641
In base 7, what is 13 - 140?
-124
In base 4, what is -20112 + -1?
-20113
In base 5, what is -33201 + 4?
-33142
In base 9, what is 66 + 4?
71
In base 2, what is 1111 + -10100101?
-10010110
In base 10, what is -28 + 58?
30
In base 2, what is -1011 - -1100000000?
1011110101
In base 8, what is 675 + -5?
670
In base 13, what is b3 - b?
a5
In base 2, what is -11 + -10001?
-10100
In base 8, what is 643 - 2?
641
In base 15, what is 5 + 1ed?
203
In base 9, what is -27 - -225?
187
In base 5, what is 2 - 140404?
-140402
In base 13, what is 45 - 2a?
18
In base 2, what is -1100 - -1101?
1
In base 12, what is -2 - 8?
-a
In base 6, what is 52 + 115?
211
In base 2, what is -10000011111 - -1?
-10000011110
In base 2, what is 111000 - -100?
111100
In base 7, what is -12 - -230?
215
In base 7, what is 2 - 5062?
-5060
In base 8, what is 34 - -62?
116
In base 6, what is -24 + 320?
252
In base 14, what is 8 - -6?
10
In base 14, what is 2 - -9?
b
In base 6, what is 5 - 14215?
-14210
In base 7, what is -151 - -34?
-114
In base 7, what is 2152 + -3?
2146
In base 15, what is -35 + 1?
-34
In base 15, what is b3 + -1d?
95
In base 11, what is -7 - -21a?
213
In base 8, what is 5635 + 2?
5637
In base 4, what is 212030 + 10?
212100
In base 7, what is 6 - -2202?
2211
In base 3, what is 12211 + 10100?
100011
In base 2, what is 101101110011110 - -1?
101101110011111
In base 12, what is 22 - 11?
11
In base 16, what is 4 + -14a?
-146
In base 14, what is -5 - 3a?
-41
In base 8, what is 221 + 4?
225
In base 13, what is 462 + 0?
462
In base 5, what is 1 - -2010?
2011
In base 7, what is 106 - 210?
-101
In base 3, what is -12110 - -1100?
-11010
In base 10, what is -40 - -1?
-39
In base 12, what is 544 + -5?
53b
In base 2, what is 100 + 1100110010101?
1100110011001
In base 13, what is -35 - -109?
a4
In base 2, what is 101111 + -1011110?
-101111
In base 3, what is 12021 + -12?
12002
In base 9, what is 1 - 103?
-102
In base 4, what is -113220 - -1?
-113213
In base 7, what is 36 + 10?
46
In base 11, what is -21 + 8?
-14
In base 10, what is -27692 + -4?
-27696
In base 11, what is -5 - 339?
-343
In base 3, what is 110 + 122022?
122202
In base 16, what is -4 - -53e?
53a
In base 9, what is -1606 + -4?
-1611
In base 11, what is 1 + -3075?
-3074
In base 9, what is -3 - -64?
61
In base 15, what is 2 - 9?
-7
In base 10, what is 2 - 1234?
-1232
In base 11, what is -211 - 6?
-217
In base 6, what is 103 + -13?
50
In base 15, what is -7c7 - -4?
-7c3
In base 10, what is -160 - -6?
-154
In base 6, what is -12012 + -4?
-12020
In base 12, what is b52 - -1?
b53
In base 8, what is 332 - 11?
321
In base 2, what is 10 - -1001000001111?
1001000010001
In base 2, what is 0 - 101?
-101
In base 4, what is -3 - 1120?
-1123
In base 11, what is -3 - 202?
-205
In base 2, what is 10011100000 - -11?
10011100011
In base 14, what is c - -c?
1a
In base 4, what is 1233 - -2?
1301
In base 14, what is -2 + -25d?
-261
In base 6, what is -320 + -22?
-342
In base 15, what is 5 - -91?
96
In base 16, what is 30 + 18?
48
In base 9, what is -33234 - -5?
-33228
In base 3, what is 2000 + -112?
1111
In base 14, what is 8 + -33?
-29
In base 3, what is -12 - -1120?
1101
In base 12, what is 52 + 3?
55
In base 11, what is -17 + -4?
-20
In base 14, what is 51 - -1?
52
In base 5, what is 13 - 13302?
-13234
In base 2, what is 100001001110 - 1?
100001001101
In base 11, what is 21a + 5?
224
In base 8, what is -524 + 0?
-524
In base 8, what is -3406 + 3?
-3403
In base 6, what is -3150 + 3?
-3143
In base 10, what is 26 + 587?
613
In base 10, what is 3 + -117?
-114
In base 8, what is -2 + -4125?
-4127
In base 13, what is 26 - 0?
26
In base 16, what is -94 - c?
-a0
In base 9, what is 0 - 5778?
-5778
In base 3, what is -20212111 + 10?
-20212101
In base 16, what is 1 + 18e?
18f
In base 15, what is -5 + -59?
-5e
In base 13, what is 0 + 19?
19
In base 7, what is 2 - 203?
-201
In base 14, what is -5 + -128?
-12d
In base 10, what is -7 - 30?
-37
In base 10, what is 54 + -2?
52
In base 8, what is 0 + 106?
106
In base 14, what is -21 + 11?
-10
In base 5, what is -2 + 23?
21
In base 10, what is 5 + 2690?
2695
In base 5, what is -310100 - -3?
-310042
In base 3, what is 120 - -110002?
110122
In base 9, what is -147 - 158?
-316
In base 11, what is 9 - -31?
3a
In base 16, what is -5 + 2?
-3
In base 13, what is -4 - -4c?
48
In base 3, what is -2 - 20001?
-20010
In base 12, what is -225 + -3?
-228
In base 12, what is 14 + -2?
12
In base 5, what is -300 - 14?
-314
In base 5, what is 4 + 3441?
4000
In base 8, what is 4 + -776?
-772
In base 2, what is -10110 + 110?
-10000
In base 3, what is -10210 + 0?
-10210
In base 6, what is -143 + 5?
-134
In base 9, what is 1121 - 1?
1120
In base 9, what is 3253 + 1?
3254
In base 6, what is 3 + -104?
-101
In base 11, what is -7834 + -1?
-7835
In base 16, what is -151d + 3?
-151a
In base 15, what is 4 - 6c?
-68
In base 9, what is -500 - -12?
-477
In base 4, what is -11 - -100032?
100021
In base 12, what is 76a + -2?
768
In base 3, what is 1 - 10022?
-10021
In base 6, what is -514 + -2?
-520
In base 7, what is 5 - 41?
-33
In base 13, what is 56 - 1a?
39
In base 14, what is 23 + -5?
1c
In base 16, what is 16c + 5?
171
In base 4, what is -1 - 321230?
-321231
In base 10, what is 1 - -44?
45
In base 15, what is 1b5 + 2?
1b7
In base 15, what is 1 + -4e?
-4d
In base 16, what is -7 + 1d?
16
In base 11, what is -95 - 4?
-99
In base 5, what is -101140 - -2?
-101133
In base 7, what is 64 + 3?
100
In base 6, what is -1304 - 11?
-1315
In base 12, what is -95 + -2?
-97
In base 16, what is 10 + 0?
10
In base 7, what is 133 - -4?
140
In base 4, what is -11 + 101?
30
In base 14, what is 2 - -1?
3
In base 7, what is 0 - -10?
10
In base 15, what is 407 - a?
3ec
In base 10, what is 3 - -1?
4
In base 9, what is 1 + 1122?
1123
In base 2, what is -10110011 + 10?
-10110001
In base 11, what is 2 - 105?
-103
In base 6, what is -15 + 44?
25
In base 10, what is 14 + -103?
-89
In base 8, what is -14 - -126?
112
In base 10, what is 3 + 257?
260
In base 15, what is 2 + 257?
259
In base 15, what is 4 - 3b?
-37
In base 8, what is 77 + -5?
72
In base 14, what is 4 - -1ba?
1c0
In base 3, what is 100 + 1102?
1202
In base 6, what is 14 + 254?
312
In base 9, what is -5 - 17?
-23
In base 13, what is 120 + 4a?
16a
In base 12, what is 19b37 + 4?
19b3b
In base 4, what is 200 + -10?
130
In base 2, what is -10101110010 - 0?
-10101110010
In base 10, what is 327 - -3?
330
In base 12, what is -1 + -15?
-16
In base 5, what is -441 - 431?
-1422
In base 12, what is -2021 - 0?
-2021
In base 8, what is 153 - 30?
123
In base 9, what is -402 + -4?
-406
In base 2, what is -10000 + -1011?
-11011
In base 10, what is -237 - -2?
-235
In base 13, what is -8 + -2a?
-35
In base 12, what is -b - -16?
7
In base 15, what is 23 + -53?
-30
In base 15, what is 8 - -109?
112
In base 12, what is -27 + 29?
2
In base 15, what is 11 + 6c?
7d
In base 14, what is 919 + 5?
920
In base 6, what is -231 + 0?
-231
In base 13, what is -1ca - -2b?
-19c
In base 3, what is 10 - 200210?
-200200
In base 10, what is 18 + 11?
29
In base 3, what is -2 - 210020?
-210022
In base 12, what is 578 - 0?
578
In base 8, what is -376 - -2?
-374
In base 14, what is c6a + 2?
c6c
In base 10, what is 4 - -1856?
1860
In base 3, what is -1101 - -1010?
-21
In base 2, what is -1100000 + 0?
-1100000
In base 9, what is -4 - -45?
41
In base 15, what is -2 + 34?
32
In base 11, what is -8 + -31a?
-327
In base 12, what is 74 + -8?
68
In base 7, what is 4 - 140?
-133
In base 12, what is 1a - 1?
19
In base 15, what is -408 + 0?
-408
In base 16, what is 2 - -58?
5a
In base 4, what is -2033 + 1?
-2032
In base 3, what is -212 - 12?
-1001
In base 13, what is 11 + 7?
18
In base 7, what is -2443 + -5?
-2451
In base 12, what is 16 + 103?
119
In base 8, what is -11 + -11?
-22
In base 10, what is 162 + -13?
149
In base 13, what is 2 - -69?
6b
In base 11, what is 4 - -679?
682
In base 4, what is -11 - 1220?
-1231
In base 9, what is -705 + 0?
-705
In base 10, what is 20 + -1